0aa09
What is 1911b (base 15) in base 13?
2aca1
-fcdf (base 16) to base 9
-107717
Convert 278e4b (base 15) to base 14.
3778d4
What is 50e1d (base 16) in base 12?
13b879
Convert -47385 (base 14) to base 9.
-284083
Convert -22113301 (base 4) to base 11.
-29a0a
Convert -33ad8 (base 15) to base 13.
-59b13
121053 (base 14) to base 2
10010110110000000001
What is 2121122201011 (base 3) in base 10?
1390720
What is 38bb03 (base 12) in base 4?
3203301303
What is 835d7b (base 16) in base 2?
100000110101110101111011
What is 116a04 (base 15) in base 13?
231c0a
What is -50d0b (base 15) in base 7?
-2114351
-333000303 (base 4) to base 8
-770063
-125019a (base 11) to base 3
-11002002200220
-8226 (base 13) to base 4
-10120122
120310203 (base 4) to base 10
101667
What is 4401887 (base 11) in base 12?
270b036
Convert 101201102211 (base 3) to base 10.
211000
What is 45611 (base 13) in base 12?
61095
-101010011011011011100101 (base 2) to base 4
-222123123211
198a66 (base 12) to base 5
103411143
3546512 (base 7) to base 12
197942
What is 22220021221011 (base 3) in base 7?
55126135
Convert 1010000100111000011111 (base 2) to base 15.
3729ae
3609bd (base 16) to base 6
203523313
What is 202320 (base 7) in base 2?
1000011010011101
-6660525 (base 11) to base 4
-230210210312
Convert -b312c (base 14) to base 2.
-1101001001111000100
Convert 164455 (base 8) to base 15.
12a48
What is -1230101033 (base 4) in base 14?
-b7887
100212000112 (base 3) to base 6
4053452
What is -16926c (base 13) in base 7?
-4532664
What is 2034311 (base 6) in base 8?
277603
What is e45971 (base 15) in base 8?
51314624
57984 (base 11) to base 3
11020211010
What is -6395c (base 14) in base 8?
-725676
-100111011101001111010011 (base 2) to base 13
-21b1c57
What is -346522 (base 7) in base 2?
-1111001110001000
Convert 2715fd (base 16) to base 8.
11612775
11010000011010000 (base 2) to base 15
21939
Convert 14350455 (base 6) to base 3.
221020010122
Convert 1041020042 (base 5) to base 2.
1000101101010000011010
What is 313c30 (base 13) in base 15?
17b0ed
11111101100000100111 (base 2) to base 4
3331200213
What is -b1c1 (base 15) in base 9?
-56431
2555035 (base 6) to base 15
2b635
What is -337561 (base 9) in base 2?
-110001011010011001
What is 12234404 (base 5) in base 16?
1cd58
710a0 (base 13) to base 10
202254
Convert 58c9d4 (base 15) to base 4.
100030101313
23543 (base 11) to base 12
17773
-1000110110011000011 (base 2) to base 9
-481707
What is a3576 (base 13) in base 5?
33340033
Convert 1013a9 (base 12) to base 3.
110202110210
-21be25 (base 15) to base 14
-2dc897
Convert -20a9a64 (base 12) to base 15.
-825e81
What is 564120 (base 7) in base 16?
18624
What is -430520 (base 6) in base 12?
-18440
8070 (base 16) to base 10
32880
1828 (base 12) to base 7
11330
What is 14225155 (base 6) in base 16?
769df
-10111101001010101001 (base 2) to base 6
-24335053
Convert -15b0b8b (base 14) to base 7.
-156316434
What is 3367c (base 14) in base 2?
11110011101011110
71219 (base 12) to base 7
1152060
11101110110101111101 (base 2) to base 8
3566575
Convert -1100101010110000010111 (base 2) to base 13.
-8c3705
Convert 712241 (base 9) to base 14.
ad8b7
20a21c (base 13) to base 12
30a7b3
336346 (base 7) to base 12
2a787
What is -33344120 (base 5) in base 11?
-1906a4
What is 39342b (base 14) in base 16?
1e088f
-2213244012 (base 5) to base 8
-22311375
What is 22229b1 (base 12) in base 7?
106246024
What is -14ad09 (base 15) in base 8?
-3636237
What is -52402 (base 10) in base 12?
-263aa
What is 31135 (base 12) in base 15?
13eeb
Convert 347a2 (base 15) to base 10.
167102
Convert 347102 (base 9) to base 7.
1526045
126321412 (base 7) to base 2
11111001011011111110000
-792517 (base 14) to base 11
-2362189
1582352 (base 9) to base 2
11010111000100011010
What is -24230 (base 12) in base 6?
-1013300
-22034414 (base 5) to base 10
-189984
1452cf (base 16) to base 14
269571
Convert -10100200211201 (base 3) to base 2.
-110110011110101110101
Convert 1264182 (base 10) to base 12.
50b706
What is 1012344 (base 5) in base 3?
211202210
-439737 (base 11) to base 14
-14366d
Convert 100001001011001001000000 (base 2) to base 16.
84b240
What is 1402a0b (base 15) in base 3?
1000011111000202
Convert -121321013003 (base 4) to base 13.
-15385b2
Convert -1121010122222 (base 3) to base 12.
-34b415
Convert -650670 (base 11) to base 4.
-3331332322
Convert -2220210002 (base 3) to base 14.
-16d03
1001000001111110010100 (base 2) to base 15
31b6a5
-937c26 (base 15) to base 13
-15b6b98
Convert -1010111001001011010110 (base 2) to base 15.
-3b61ad
What is 4403011 (base 7) in base 4?
2003203231
127411 (base 12) to base 11
197705
-3070467 (base 9) to base 15
-2261aa
What is -1000101101001110100 (base 2) in base 7?
-2265531
What is 80b93a (base 13) in base 6?
144114425
What is 255118 (base 11) in base 2?
1100010001010110110
What is 72554 (base 10) in base 4?
101231222
What is 3134300 (base 6) in base 11?
a4721
What is 2210500 (base 6) in base 2?
11010111100000100
Convert 10211010112 (base 3) to base 6.
1340022
-38b03 (base 13) to base 5
-11330441
Convert 10b1b1a (base 12) to base 4.
30101200012
What is -33ac2 (base 16) in base 9?
-352286
13400332 (base 5) to base 13
4a820
4b298b (base 12) to base 14
23d8a7
-5014 (base 8) to base 6
-15524
Convert -1401023 (base 5) to base 15.
-8593
Convert 1010111110011000 (base 2) to base 10.
44952
-101221101121 (base 3) to base 6
-4340541
-21f779 (base 16) to base 7
-24630626
What is -22000111221 (base 3) in base 14?
-41744
-30ebda (base 16) to base 15
-434e56
What is 101022333130 (base 4) in base 15?
5ddb7d
-18a00 (base 13) to base 11
-32a2a
Convert 44026 (base 13) to base 10.
123064
-1200321001 (base 4) to base 13
-10b841
-301032233101 (base 4) to base 3
-220021122220201
330417 (base 13) to base 14
2335aa
What is 4d79cd (base 14) in base 13?
7271a6
What is 221001323 (base 4) in base 2?
101001000001111011
What is 2200002 (base 5) in base 14?
d94a
Convert 3216d8 (base 14) to base 10.
1694414
What is -2462a15 (base 12) in base 3?
-111100112201222
Convert 1140552 (base 6) to base 7.
336266
404146 (base 8) to base 7
1063255
143c98c (base 14) to base 4
211200013300
-3350766 (base 8) to base 15
-12d563
2003553 (base 7) to base 3
110000120100
-134aa2 (base 11) to base 13
-75426
What is -34685a8 (base 12) in base 15?
-d454e8
Convert 21403300 (base 5) to base 9.
311471
What is 12773431 (base 8) in base 16?
2bf719
Convert -134159 (base 10) to base 8.
-406017
Convert 524571 (base 11) to base 6.
30003224
What is 152544 (base 9) in base 14?
2624d
Convert -17240a8 (base 11) to base 2.
-1011001100001110001010
Convert 1440447 (base 9) to base 10.
794248
What is -10010010101001011 (base 2) in base 7?
-431621
Convert 30701 (base 13) to base 2.
10101001101010011
What is -235312 (base 6) in base 7?
-114110
-122211200200 (base 3) to base 15
-6e0a3
What is 4c4d (base 14) in base 8?
32125
What is -313033010 (base 5) in base 10?
-1299130
-1043141233 (base 5) to base 9
-4323118
What is -194744 (base 11) in base 3?
-120012012112
What is 955948 (base 14) in base 16?
4d06ec
What is -4712315 (base 8) in base 13?
-35c148
Convert 313101000 (base 4) to base 13.
7c05c
Convert -1230020221 (base 4) to base 2.
-1101100001000101001
4609278 (base 10) to base 8
21452376
What is 4647137 (base 8) in base 10?
1265247
Convert -10111100101011100 (base 2) to base 14.
-272c4
2202010212222 (base 3) to base 11
9074a6
What is -10101202221211 (base 3) in base 7?
-21232363
-2202012020012 (base 3) to base 6
-51144522
What is -133021321 (base 5) in base 8?
-2443070
Convert -26a31 (base 11) to base 5.
-2213022
What is -1523601 (base 9) in base 14?
-17d054
What is -1031541250 (base 6) in base 3?
-202201021212210
Convert -1a8cb5 (base 13) to base 14.
-138847
-330201201 (base 5) to base 9
-2582740
Convert -15a332 (base 13) to base 5.
-114132431
Convert -2110320211 (base 4) to base 12.
-254ab1
What is 101471 (base 8) in base 3?
1201002012
What is 1021210011 (base 4) in base 12?
126459
-10010000001111101100001 (base 2) to base 10
-4726625
-1002305500 (base 6) to base 4
-212321022030
-31432424 (base 6) to base 15
-1332ed
-11010110000010001000100 (base 2) to base 10
-7013444
What is 2b70a8 (base 14) in base 9?
2762650
-14111234 (base 5) to base 11
-99687
Convert 71301 (base 8) to base 4.
13023